on factor of b and 198?
18
Suppose d = -h + 2*d + 9, 3*h + 5*d - 11 = 0. Let r be 2/h + (-26)/91. Suppose r = 5*i - i - 132. What is the greatest common divisor of i and 3?
3
Suppose -h - 8 = 5*t, 16 = -4*h + 8*h + 4*t. What is the greatest common divisor of h and 35?
7
Suppose 5*t - 3*m = 31, 3*t - 5*m - 20 = 5. Suppose 4*n - t*n + 280 = 0. What is the greatest common factor of 40 and n?
40
Suppose -28 = -0*a - 4*a. Suppose -14*i = -7*i - 245. What is the greatest common factor of i and a?
7
Let i(w) = 27*w - 110. Let l be i(7). Calculate the highest common divisor of 553 and l.
79
Let j = -167 + 200. Suppose 5*i = 261 + 564. Calculate the highest common divisor of i and j.
33
Let a be 726/6 - (-1 + 1). Let z = a - 79. Calculate the highest common factor of z and 14.
14
Suppose 914 = 3*h + 278. Suppose 3*l - 49 - h = 0. Suppose 0 = 2*o + 2*k - 54, o + o = -3*k + 52. Calculate the greatest common divisor of l and o.
29
Suppose -3*l + 112 = 5*k - 481, -k - 5*l = -101. Let f = k + -94. Let y(b) = -7*b - 1. Let g be y(-4). Calculate the greatest common factor of g and f.
27
Suppose 55*r - 198 = 44*r. What is the greatest common divisor of 738 and r?
18
Suppose 10 = z + 16. Let q be 1*4/((-8)/z) - -87. What is the greatest common factor of 18 and q?
18
Suppose 4*u - 331 - 217 = 3*m, -3*m + 12 = 0. Calculate the greatest common divisor of 60 and u.
20
Suppose -47*a + 54*a = 2702. Suppose -4 = 2*l, -z - z + a = -l. What is the highest common divisor of 12 and z?
12
Suppose -2*v + 5*l + 0*l + 9 = 0, 2*v - 33 = -3*l. Let r be v/(-8)*80/(-15). Calculate the greatest common factor of 64 and r.
8
Let g be 1/(-3 - (-484)/160). Suppose -2*o = o + 12. Let q = 9 + o. Calculate the highest common factor of q and g.
5
Let d(j) = -8*j - 4. Let o(z) = -z - 10. Let a be o(-6). Let t be d(a). Calculate the greatest common divisor of 70 and t.
14
Let c(l) = 2*l**2 - 36*l - 26. Let g be c(20). What is the greatest common divisor of 1728 and g?
54
Suppose 0 = -2*v - 10, r - 3*v = 32 - 8. Calculate the highest common factor of 2 and r.
1
Let w(x) be the first derivative of x**4/4 + 11*x**3/3 - 6*x**2 + 9*x - 5. Let u be w(-12). Calculate the greatest common divisor of 27 and u.
9
Let w(r) = r - 7*r + 3 + 4*r. Let f be w(-4). Let z = 13 - f. Calculate the highest common divisor of 6 and z.
2
Let x = 87 + -81. What is the greatest common divisor of 78 and x?
6
Suppose -59*h + 32 = -51*h. Suppose h*n = 26 + 10. Calculate the highest common divisor of n and 27.
9
Let y(v) = 58*v + 70. Let x be y(1). What is the highest common divisor of x and 112?
16
Let a(r) = -4*r - 62. Let c be a(0). Let x = c - -63. What is the greatest common factor of x and 3?
1
Suppose 0 = -12*j - 15*j + 918. Calculate the greatest common divisor of 85 and j.
17
Let g = -23 + 25. Suppose -2*c + 29 + 195 = 5*m, 0 = g*m - 3*c - 101. Calculate the greatest common factor of m and 23.
23
Let y(w) = 50*w**2 - 13*w - 12. Let q be y(-3). What is the greatest common factor of 27 and q?
9
Suppose 20 = 5*r - 4*z, 16 = 4*r + 3*z + 2*z. Let q(m) = m**2 + 3*m - 26. Let p be q(6). Calculate the greatest common factor of r and p.
4
Let g be (-830)/(-8) + 136/32 + -4. Calculate the highest common factor of 234 and g.
26
Let x = -232 + 358. What is the highest common divisor of 210 and x?
42
Let y = 592 + -251. What is the highest common factor of 22 and y?
11
Suppose -3*s - 2*s = 105. Let l be 99/6*(-56)/s. What is the greatest common divisor of l and 44?
44
Let f be ((-9)/(-18))/((-1)/(-146)). Let z = f + 24. Let x be (-3)/(-6) + z/2. What is the greatest common factor of 7 and x?
7
Let u = 7 + -6. Let x be 9 + -11 - (u - 31). What is the greatest common factor of 7 and x?
7
Suppose 2*n + 1 - 10 = c, 4*n - 43 = -3*c. Let o(w) = -w**2 - 11*w + 32. Let d be o(-8). What is the greatest common factor of n and d?
7
Let t(j) = 6 - j**3 + j**2 - 26 + 12*j + 4*j**2 - j. Let n be t(6). Suppose -2*q + 49 = -91. What is the greatest common divisor of n and q?
10
Let f(n) = n**2 + 3*n + 6. Suppose 3*o = 4*o - 4*v, -3*o - 3*v = 15. Let t be f(o). What is the greatest common factor of t and 70?
10
Let s(l) = l**3 + 9*l**2 + l - 9. Let a be s(-7). Let t = -42 + a. Calculate the highest common factor of 16 and t.
8
Let l = -671 - -687. What is the highest common factor of l and 88?
8
Suppose 1 = -u + 4, 0 = 5*c - 4*u - 368. Suppose -5*i - 119 = -3*t, 2*t - 4*t + 4*i = -c. What is the greatest common divisor of 12 and t?
12
Suppose 96 = -3048*a + 3049*a. Calculate the greatest common divisor of 208 and a.
16
Let u be 22 - -4 - (-2 - 0 - 0). Suppose 4*k + 272 = 8*k - 4*w, 2*w - 214 = -3*k. What is the highest common divisor of k and u?
14
Let s(p) = -6*p + 20. Let a be s(2). Let b(k) = -k**3 + 9*k**2 + k - 8. Let q be 7 + 1 - 2 - -2. Let f be b(q). Calculate the highest common divisor of f and a.
8
Suppose -3*u = -4*k + 3*k - 10, -2*k - 16 = -5*u. Suppose -3*i = -k*v - 299, 4*i - 399 = 5*v - 2*v. What is the greatest common divisor of 22 and i?
11
Let u(i) = 87*i - 3. Let q be u(1). Let v = 119 - q. Calculate the highest common factor of 14 and v.
7
Let w(q) = -2*q**3 - 2*q + 4*q - 214*q**2 + 211*q**2. Let c = -3 + -1. Let a be w(c). Calculate the highest common factor of a and 9.
9
Suppose 0*h - 4*h + 16 = 0. Suppose -h*l - 4 = -2*l + 4*w, 4*l - 25 = 3*w. What is the greatest common divisor of l and 32?
4
Let t(o) = -o**3 + 4*o**2 + 5*o + 2. Let q be t(5). Let p be q/4*(-1 - -41). Suppose 5*i - 55 = 195. What is the greatest common factor of p and i?
10
Suppose -58*j + 56*j = -20. Let f(v) = -v**3 + 12*v**2 + 2*v - 14. Let h be f(12). What is the greatest common divisor of j and h?
10
Let d be -8 - 1/(2/(-236)). What is the highest common factor of 5 and d?
5
Suppose s = 5*s - 20. Suppose 2*p + 2*p + s*g = 8, -3*p + 3*g = -6. Let m be (108/(-24))/(p/(-4)). Calculate the highest common divisor of m and 72.
9
Let l(b) = 38*b - 1. Let p be l(2). Let x(d) = -11*d**2 + 50*d - 9. Let k be x(4). Calculate the greatest common factor of k and p.
15
Let o = -1071 - -1097. What is the highest common divisor of o and 65?
13
Let x(i) = -24*i - 257. Let g be x(-11). What is the greatest common factor of g and 21?
7
Let z(p) = p**2 - 18*p + 83. Let i be z(10). What is the highest common factor of i and 11?
1
Let o be 20/11 + (-16)/(-88). Suppose 8 = o*v - 0. Suppose v*a = 9*a - 55. What is the greatest common factor of 88 and a?
11
Let v be (12/4)/((-1)/(-1)). Suppose -y - v*y = -52. Calculate the greatest common divisor of 143 and y.
13
Suppose 28*n - 5088 = -720. Calculate the greatest common factor of n and 8.
4
Let p(i) = -2*i + 11. Let g(d) = d - 6. Let j(u) = -7*g(u) - 4*p(u). Let m be j(3). Calculate the highest common divisor of m and 1.
1
Suppose 6*u + 45 = 363. Suppose -u - 29 = -3*t - 4*l, -4*t = -5*l - 68. Calculate the greatest common divisor of t and 11.
11
Suppose 0 = -5*j + j - 4, -4*u - 3*j = -269. What is the greatest common factor of u and 4?
4
Let x be (-8)/2 + (-63)/54*-6. Calculate the highest common divisor of 129 and x.
3
Let v(p) = -6*p - 25. Let m be v(-8). Let k = m + -38. Let f be (-1 + k)/((-6)/12). Calculate the greatest common factor of 4 and f.
4
Let d = -6 + 1. Let m = -4 - d. Let v be m + 0 + (51 - 4). What is the highest common divisor of v and 12?
12
Let m(l) = -2*l**2 - 118*l - 36. Let f be m(-31). Calculate the highest common divisor of 20 and f.
20
Suppose -21*u + 17*u = -348. Calculate the greatest common factor of 3741 and u.
87
Let o = -8 + 19. Suppose 6 = 3*w, 4*i - 422 = w + 60. What is the greatest common divisor of i and o?
11
Suppose 214 = -4*z + 2*z. Let w = 226 + z. Calculate the highest common divisor of 17 and w.
17
Let z = -652 + 654. Calculate the greatest common factor of 8 and z.
2
Let r be (-33*21/(-231))/((-6)/(-2)). Let s(z) = z**2 - 5*z + 5. Let m be s(6). Calculate the highest common divisor of m and r.
1
Suppose 4*y - x - 3*x = 1336, 640 = 2*y + 5*x. What is the highest common factor of 30 and y?
30
Let g(v) = -2*v + 4. Let y be g(-4). Let s = 899 - 851. Calculate the highest common divisor of s and y.
12
Let g be (12/(-24) + 7)*4. Calculate the highest common divisor of 2483 and g.
13
Let y = 33 + -30. Suppose u + 5*l = 22, l - y = 2*u - 25. Calculate the greatest common divisor 